30?
False
Is 58 a factor of 786480?
True
Is 1281035 a multiple of 79?
False
Does 53 divide 5487?
False
Is 4 a factor of 95664?
True
Is 393635 a multiple of 187?
True
Is 39238 a multiple of 46?
True
Is 130962 a multiple of 299?
True
Does 19 divide 19038?
True
Is 26247 a multiple of 39?
True
Is 178 a factor of 787120?
False
Is 26 a factor of 1614132?
True
Is 256 a factor of 4422095?
False
Does 38 divide 30620?
False
Does 67 divide 124285?
True
Is 15 a factor of 29874440?
False
Does 27 divide 48654?
True
Is 426 a factor of 143562?
True
Is 106 a factor of 8446504?
True
Is 48 a factor of 2719536?
True
Does 10 divide 64331?
False
Does 225 divide 162416?
False
Is 22070 a multiple of 18?
False
Is 71910 a multiple of 2?
True
Does 18 divide 45056?
False
Is 5 a factor of 13394?
False
Is 69 a factor of 2120439?
True
Is 56 a factor of 4343584?
True
Does 5 divide 9902670?
True
Does 197 divide 1324335?
False
Does 14 divide 9393846?
True
Is 289280 a multiple of 51?
False
Is 216 a factor of 232075?
False
Is 405 a factor of 381608?
False
Does 27 divide 6649681?
False
Does 54 divide 9607?
False
Is 23 a factor of 140737?
True
Does 667 divide 2806069?
True
Is 358920 a multiple of 11?
False
Is 910 a factor of 11513320?
True
Does 10 divide 53724?
False
Is 4308018 a multiple of 66?
True
Does 915 divide 4345727?
False
Is 31 a factor of 157827?
False
Does 137 divide 239476?
True
Does 61 divide 5072738?
False
Does 38 divide 1325592?
True
Does 102 divide 67372?
False
Is 98783 a multiple of 6?
False
Is 886816 a multiple of 107?
True
Does 50 divide 5856750?
True
Does 125 divide 553250?
True
Is 85455 a multiple of 99?
False
Does 23 divide 55384?
True
Does 118 divide 229746?
True
Is 10 a factor of 22560?
True
Is 6379 a multiple of 41?
False
Is 72806 a multiple of 7?
False
Is 1396984 a multiple of 86?
True
Is 22 a factor of 2439408?
False
Is 695551 a multiple of 4?
False
Is 78490 a multiple of 6?
False
Is 16 a factor of 130584?
False
Is 40 a factor of 1613960?
True
Is 37125 a multiple of 495?
True
Is 289 a factor of 2737570?
False
Does 6 divide 6054182?
False
Does 137 divide 17768?
False
Is 4500860 a multiple of 120?
False
Does 654 divide 678503?
False
Is 30 a factor of 3038100?
True
Is 106133 a multiple of 19?
False
Does 31 divide 10679159?
True
Does 7 divide 70490?
True
Is 78048 a multiple of 32?
True
Is 346 a factor of 336312?
True
Is 69830 a multiple of 325?
False
Does 3 divide 2756101?
False
Does 1542 divide 18921882?
True
Is 550 a factor of 2429350?
True
Does 54 divide 465844?
False
Is 293 a factor of 41877?
False
Is 115 a factor of 172557?
False
Does 2182 divide 10731120?
False
Is 1344304 a multiple of 208?
True
Is 7722288 a multiple of 504?
True
Does 12 divide 347936?
False
Is 269829 a multiple of 21?
True
Does 848 divide 6342619?
False
Is 170820 a multiple of 45?
True
Does 13 divide 264394?
True
Is 155 a factor of 111827?
False
Is 1423110 a multiple of 123?
True
Does 9 divide 36819?
True
Does 8 divide 998884?
False
Is 366 a factor of 576689?
False
Does 10 divide 67510?
True
Is 444055 a multiple of 56?
False
Is 7622472 a multiple of 77?
False
Is 172 a factor of 1024627?
False
Is 356175 a multiple of 15?
True
Does 62 divide 85002?
True
Is 383750 a multiple of 10?
True
Is 13664 a multiple of 415?
False
Does 183 divide 8112764?
False
Is 141 a factor of 1343871?
True
Is 1069136 a multiple of 16?
True
Does 23 divide 3007631?
False
Is 1484366 a multiple of 722?
False
Is 23 a factor of 20165?
False
Is 7 a factor of 4750907?
True
Is 347 a factor of 2127563?
False
Is 684872 a multiple of 106?
False
Does 3 divide 193234?
False
Is 7359794 a multiple of 227?
True
Is 20 a factor of 90700?
True
Does 48 divide 7487908?
False
Is 148 a factor of 469012?
True
Does 61 divide 172569?
True
Is 238044 a multiple of 249?
True
Is 2382615 a multiple of 42?
False
Does 215 divide 121690?
True
Is 1954218 a multiple of 42?
True
Is 2138576 a multiple of 22?
True
Is 1424641 a multiple of 3?
False
Is 2505528 a multiple of 23?
True
Does 674 divide 6820880?
True
Is 180 a factor of 19260?
True
Is 43708 a multiple of 18?
False
Is 99 a factor of 73755?
True
Is 9 a factor of 17897279?
False
Is 241 a factor of 336436?
True
Is 398 a factor of 10955438?
False
Is 329800 a multiple of 10?
True
Is 106601 even?
False
Does 30 divide 230130?
True
Does 44 divide 4176141?
False
Does 147 divide 1028042?
False
Is 691244 a multiple of 116?
True
Is 81 a factor of 342965?
False
Does 249 divide 147159?
True
Is 5340575 a multiple of 25?
True
Does 21 divide 316155?
True
Is 12 a factor of 217741?
False
Does 28 divide 147909?
False
Does 27 divide 3061611?
True
Is 723102 a multiple of 19?
True
Is 90 a factor of 320283?
False
Does 4 divide 1117786?
False
Is 2329551 a multiple of 21?
True
Is 40 a factor of 12872?
False
Is 2474240 a multiple of 256?
True
Is 3615798 a multiple of 17?
True
Does 208 divide 151883?
False
Does 8 divide 3770223?
False
Is 22344 a multiple of 399?
True
Is 6300564 a multiple of 123?
False
Is 116 a factor of 3992024?
True
Is 264 a factor of 88968?
True
Does 6 divide 176179?
False
Is 40296 a multiple of 69?
True
Does 562 divide 5046760?
True
Is 73 a factor of 1384140?
False
Does 34 divide 32436?
True
Is 1110344 a multiple of 5?
False
Is 62 a factor of 243826?
False
Is 97 a factor of 2187447?
True
Is 6866892 a multiple of 18?
True
Is 167 a factor of 165031?
False
Is 689010 a multiple of 17?
True
Does 178 divide 805984?
True
Does 106 divide 1696212?
True
Does 64 divide 188416?
True
Is 1102850 a multiple of 50?
True
Does 6 divide 1363?
False
Is 190 a factor of 352070?
True
Is 20480103 a multiple of 173?
False
Is 84 a factor of 4675188?
True
Does 17 divide 5574793?
True
Does 11 divide 2344757?
False
Is 37 a factor of 565434?
True
Is 173 a factor of 797184?
True
Is 100 a factor of 95400?
True
Is 5653 even?
False
Is 26 a factor of 220844?
True
Does 25 divide 8829950?
True
Is 192060 a multiple of 22?
True
Is 112169 a multiple of 54?
False
Does 13 divide 97251?
False
Is 11 a factor of 6847307?
False
Does 294 divide 558306?
True
Is 1641000 a multiple of 15?
True
Does 2908 divide 31624500?
True
Is 881 a factor of 6565992?
False
Is 15 a factor of 62919?
False
Is 84035 a multiple of 35?
True
Is 354 a factor of 3005565?
False
Is 279 a factor of 1984225?
False
Is 404933 a multiple of 24?
False
Is 2 a factor of 5112?
True
Is 450307 a multiple of 47?
True
Is 24278 a multiple of 3?
False
Does 13 divide 1068886?
True
Is 17716140 a multiple of 45?
True
Is 41 a factor of 61008?
True
Does 157 divide 627524?
False
Does 6 divide 555562?
False
Does 466 divide 116489?
False
Is 954952 a multiple of 109?
False
Does 17 divide 110755?
True
Does 558 divide 367372?
False
Does 24 divide 1976496?
True
Is 63 a factor of 580350?
False
Does 52 divide 2271143?
False
Is 22934857 a multiple of 16?
False
Is 2206934 a multiple of 11?
False
Is 3073826 a multiple of 791?
True
Does 336 divide 92832?
False
Is 1248417 a multiple of 163?
True
Does 317 divide 79943?
False
Does 41 divide 95736?
False
Is 969 a factor of 3213204?
True
Does 6 divide 7618?
False
Does 24 divide 26736?
True
Does 78 divide 6006472?
False
Is 3131119 a multiple of 14?
False
Does 20 divide 12567860?
True
Does 529 divide 526884?
True
Does 1127 divide 622738?
False
Is 3649816 a multiple of 746?
False
Is 727191 a multiple of 23?
True
Is 1224 a factor of 12714912?
True
Does 19 divide 14123726?
True
Is 206 a factor of 237724?
True
Is 576113 a multiple of 10?
False
Is 5107963 a multiple of 219?
False
Does 45 divide 355635?
True
Is 3 a factor of 1120031?
False
Is 9857946 a multiple of 42?
True
Is 278 a factor of 542682?
False
Is 1023177 a multiple of 4?
False
Is 98120 a multiple of 88?
True
Is 217222 a multiple of 59?
False
Is 358763 a multiple of 163?
True
Is 3263711 a multiple of 341?
True
Does 12 divide 1926384?
True
Does 141 divide 10441?
False
Does 24 divide 787006?
False
Does 50 divide 4230250?
True
Does 13 divide 2390111?
False
Does 5 divide 5929585?
True
Is 9 a multiple of 4?
False
Is 163646 a multiple of 220?
False
Is 4 a factor of 56262?
False
Is 198 a factor of 454410?
True
Does 19 divide 2827656?
True
Is 3859515 a multiple of 55?
True
Is 21 a factor of 26544?
True
Does 232 divide 3780618?
False
Does 13 divide 260450?
False
Is 37 a factor of 1579777?
False
Is 10 a factor of